{"id":702,"date":"2023-01-24T10:32:19","date_gmt":"2023-01-24T16:32:19","guid":{"rendered":"https:\/\/www.plasagro.com\/?page_id=702"},"modified":"2023-01-24T10:38:50","modified_gmt":"2023-01-24T16:38:50","slug":"prueba","status":"publish","type":"page","link":"https:\/\/www.plasagro.com\/index.php\/prueba\/","title":{"rendered":"Prueba"},"content":{"rendered":"\t\t<div data-elementor-type=\"wp-page\" data-elementor-id=\"702\" class=\"elementor elementor-702\">\n\t\t\t\t\t\t<section class=\"elementor-section elementor-top-section elementor-element elementor-element-3971449 elementor-section-boxed elementor-section-height-default elementor-section-height-default\" data-id=\"3971449\" data-element_type=\"section\" data-e-type=\"section\">\n\t\t\t\t\t\t<div class=\"elementor-container elementor-column-gap-default\">\n\t\t\t\t\t<div class=\"elementor-column elementor-col-100 elementor-top-column elementor-element elementor-element-4f90464\" data-id=\"4f90464\" data-element_type=\"column\" data-e-type=\"column\">\n\t\t\t<div class=\"elementor-widget-wrap elementor-element-populated\">\n\t\t\t\t\t\t<div class=\"elementor-element elementor-element-01b564d elementor-widget elementor-widget-image\" data-id=\"01b564d\" data-element_type=\"widget\" data-e-type=\"widget\" data-widget_type=\"image.default\">\n\t\t\t\t<div class=\"elementor-widget-container\">\n\t\t\t\t\t\t\t\t\t\t\t\t\t\t\t<img fetchpriority=\"high\" decoding=\"async\" width=\"667\" height=\"290\" src=\"https:\/\/www.plasagro.com\/wp-content\/uploads\/2022\/03\/plasagro-logo-50.png\" class=\"attachment-large size-large wp-image-227\" alt=\"\" srcset=\"https:\/\/www.plasagro.com\/wp-content\/uploads\/2022\/03\/plasagro-logo-50.png 667w, https:\/\/www.plasagro.com\/wp-content\/uploads\/2022\/03\/plasagro-logo-50-300x130.png 300w\" sizes=\"(max-width: 667px) 100vw, 667px\" \/>\t\t\t\t\t\t\t\t\t\t\t\t\t\t\t<\/div>\n\t\t\t\t<\/div>\n\t\t\t\t\t<\/div>\n\t\t<\/div>\n\t\t\t\t\t<\/div>\n\t\t<\/section>\n\t\t\t\t<section class=\"elementor-section elementor-top-section elementor-element elementor-element-1abcef3 elementor-section-boxed elementor-section-height-default elementor-section-height-default\" data-id=\"1abcef3\" data-element_type=\"section\" data-e-type=\"section\">\n\t\t\t\t\t\t<div class=\"elementor-container elementor-column-gap-default\">\n\t\t\t\t\t<div class=\"elementor-column elementor-col-16 elementor-top-column elementor-element elementor-element-bd1667a\" data-id=\"bd1667a\" data-element_type=\"column\" data-e-type=\"column\">\n\t\t\t<div class=\"elementor-widget-wrap elementor-element-populated\">\n\t\t\t\t\t\t<div class=\"elementor-element elementor-element-09f5e69 elementor-widget elementor-widget-button\" data-id=\"09f5e69\" data-element_type=\"widget\" data-e-type=\"widget\" data-widget_type=\"button.default\">\n\t\t\t\t<div class=\"elementor-widget-container\">\n\t\t\t\t\t\t\t\t\t<div class=\"elementor-button-wrapper\">\n\t\t\t\t\t<a class=\"elementor-button elementor-button-link elementor-size-sm\" href=\"https:\/\/www.plasagro.com\/index.php\/contacto\/\">\n\t\t\t\t\t\t<span class=\"elementor-button-content-wrapper\">\n\t\t\t\t\t\t\t\t\t<span class=\"elementor-button-text\">CONT\u00c1CTENOS<\/span>\n\t\t\t\t\t<\/span>\n\t\t\t\t\t<\/a>\n\t\t\t\t<\/div>\n\t\t\t\t\t\t\t\t<\/div>\n\t\t\t\t<\/div>\n\t\t\t\t\t<\/div>\n\t\t<\/div>\n\t\t\t\t<div class=\"elementor-column elementor-col-66 elementor-top-column elementor-element elementor-element-90ab806\" data-id=\"90ab806\" data-element_type=\"column\" data-e-type=\"column\">\n\t\t\t<div class=\"elementor-widget-wrap elementor-element-populated\">\n\t\t\t\t\t\t<div class=\"elementor-element elementor-element-23636a2 elementor-widget elementor-widget-heading\" data-id=\"23636a2\" data-element_type=\"widget\" data-e-type=\"widget\" data-widget_type=\"heading.default\">\n\t\t\t\t<div class=\"elementor-widget-container\">\n\t\t\t\t\t<h2 class=\"elementor-heading-title elementor-size-default\">A\u00f1ade aqu\u00ed tu texto de cabecera<\/h2>\t\t\t\t<\/div>\n\t\t\t\t<\/div>\n\t\t\t\t<div class=\"elementor-element elementor-element-e126323 elementor-widget elementor-widget-text-editor\" data-id=\"e126323\" data-element_type=\"widget\" data-e-type=\"widget\" data-widget_type=\"text-editor.default\">\n\t\t\t\t<div class=\"elementor-widget-container\">\n\t\t\t\t\t\t\t\t\t<p>Lorem ipsum dolor sit amet, consectetur adipiscing elit. Ut elit tellus, luctus nec ullamcorper mattis, pulvinar dapibus leo.<\/p>\t\t\t\t\t\t\t\t<\/div>\n\t\t\t\t<\/div>\n\t\t\t\t\t<\/div>\n\t\t<\/div>\n\t\t\t\t<div class=\"elementor-column elementor-col-16 elementor-top-column elementor-element elementor-element-7e9a0aa\" data-id=\"7e9a0aa\" data-element_type=\"column\" data-e-type=\"column\">\n\t\t\t<div class=\"elementor-widget-wrap elementor-element-populated\">\n\t\t\t\t\t\t<div class=\"elementor-element elementor-element-8f558a1 elementor-widget elementor-widget-video\" data-id=\"8f558a1\" data-element_type=\"widget\" data-e-type=\"widget\" data-settings=\"{&quot;youtube_url&quot;:&quot;https:\\\/\\\/www.youtube.com\\\/watch?v=XHOmBV4js_E&quot;,&quot;video_type&quot;:&quot;youtube&quot;,&quot;controls&quot;:&quot;yes&quot;}\" data-widget_type=\"video.default\">\n\t\t\t\t<div class=\"elementor-widget-container\">\n\t\t\t\t\t\t\t<div class=\"elementor-wrapper elementor-open-inline\">\n\t\t\t<div class=\"elementor-video\"><\/div>\t\t<\/div>\n\t\t\t\t\t\t<\/div>\n\t\t\t\t<\/div>\n\t\t\t\t\t<\/div>\n\t\t<\/div>\n\t\t\t\t\t<\/div>\n\t\t<\/section>\n\t\t\t\t<\/div>\n\t\t","protected":false},"excerpt":{"rendered":"<p>CONT\u00c1CTENOS A\u00f1ade aqu\u00ed tu texto de cabecera Lorem fistrum por la gloria de mi madre esse jarl aliqua llevame al sircoo. De la pradera ullamco qu\u00e9 dise usteer est\u00e1 la cosa muy malar. https:\/\/www.youtube.com\/watch?v=XHOmBV4js_E<\/p>\n","protected":false},"author":4,"featured_media":0,"parent":0,"menu_order":0,"comment_status":"closed","ping_status":"closed","template":"","meta":{"_monsterinsights_skip_tracking":false,"_monsterinsights_sitenote_active":false,"_monsterinsights_sitenote_note":"","_monsterinsights_sitenote_category":0,"footnotes":""},"class_list":["post-702","page","type-page","status-publish","hentry"],"yoast_head":"<!-- This site is optimized with the Yoast SEO plugin v19.0 - https:\/\/yoast.com\/wordpress\/plugins\/seo\/ -->\n<title>Prueba - Plasagro, S.A.<\/title>\n<meta name=\"robots\" content=\"index, follow, max-snippet:-1, max-image-preview:large, max-video-preview:-1\" \/>\n<link rel=\"canonical\" href=\"https:\/\/www.plasagro.com\/index.php\/prueba\/\" \/>\n<meta property=\"og:locale\" content=\"es_ES\" \/>\n<meta property=\"og:type\" content=\"article\" \/>\n<meta property=\"og:title\" content=\"Prueba - Plasagro, S.A.\" \/>\n<meta property=\"og:description\" content=\"CONT\u00c1CTENOS A\u00f1ade aqu\u00ed tu texto de cabecera Lorem fistrum por la gloria de mi madre esse jarl aliqua llevame al sircoo. De la pradera ullamco qu\u00e9 dise usteer est\u00e1 la cosa muy malar. https:\/\/www.youtube.com\/watch?v=XHOmBV4js_E\" \/>\n<meta property=\"og:url\" content=\"https:\/\/www.plasagro.com\/index.php\/prueba\/\" \/>\n<meta property=\"og:site_name\" content=\"Plasagro, S.A.\" \/>\n<meta property=\"article:publisher\" content=\"https:\/\/www.facebook.com\/plasagrosa\" \/>\n<meta property=\"article:modified_time\" content=\"2023-01-24T16:38:50+00:00\" \/>\n<meta property=\"og:image\" content=\"https:\/\/www.plasagro.com\/wp-content\/uploads\/2022\/03\/plasagro-logo-50.png\" \/>\n<meta name=\"twitter:card\" content=\"summary_large_image\" \/>\n<meta name=\"twitter:label1\" content=\"Tiempo de lectura\" \/>\n\t<meta name=\"twitter:data1\" content=\"1 minuto\" \/>\n<script type=\"application\/ld+json\" class=\"yoast-schema-graph\">{\"@context\":\"https:\/\/schema.org\",\"@graph\":[{\"@type\":\"Organization\",\"@id\":\"https:\/\/www.plasagro.com\/#organization\",\"name\":\"Plasagro, pl\u00e1sticos para el agro, Guatemala\",\"url\":\"https:\/\/www.plasagro.com\/\",\"sameAs\":[\"https:\/\/www.facebook.com\/plasagrosa\"],\"logo\":{\"@type\":\"ImageObject\",\"inLanguage\":\"es\",\"@id\":\"https:\/\/www.plasagro.com\/#\/schema\/logo\/image\/\",\"url\":\"https:\/\/www.plasagro.com\/wp-content\/uploads\/2022\/03\/plasagro-logo-50.png\",\"contentUrl\":\"https:\/\/www.plasagro.com\/wp-content\/uploads\/2022\/03\/plasagro-logo-50.png\",\"width\":667,\"height\":290,\"caption\":\"Plasagro, pl\u00e1sticos para el agro, Guatemala\"},\"image\":{\"@id\":\"https:\/\/www.plasagro.com\/#\/schema\/logo\/image\/\"}},{\"@type\":\"WebSite\",\"@id\":\"https:\/\/www.plasagro.com\/#website\",\"url\":\"https:\/\/www.plasagro.com\/\",\"name\":\"Plasagro, S.A.\",\"description\":\"Pl\u00e1sticos para el Agro, S.A.\",\"publisher\":{\"@id\":\"https:\/\/www.plasagro.com\/#organization\"},\"potentialAction\":[{\"@type\":\"SearchAction\",\"target\":{\"@type\":\"EntryPoint\",\"urlTemplate\":\"https:\/\/www.plasagro.com\/?s={search_term_string}\"},\"query-input\":\"required name=search_term_string\"}],\"inLanguage\":\"es\"},{\"@type\":\"ImageObject\",\"inLanguage\":\"es\",\"@id\":\"https:\/\/www.plasagro.com\/index.php\/prueba\/#primaryimage\",\"url\":\"https:\/\/www.plasagro.com\/wp-content\/uploads\/2022\/03\/plasagro-logo-50.png\",\"contentUrl\":\"https:\/\/www.plasagro.com\/wp-content\/uploads\/2022\/03\/plasagro-logo-50.png\",\"width\":667,\"height\":290},{\"@type\":\"WebPage\",\"@id\":\"https:\/\/www.plasagro.com\/index.php\/prueba\/#webpage\",\"url\":\"https:\/\/www.plasagro.com\/index.php\/prueba\/\",\"name\":\"Prueba - Plasagro, S.A.\",\"isPartOf\":{\"@id\":\"https:\/\/www.plasagro.com\/#website\"},\"primaryImageOfPage\":{\"@id\":\"https:\/\/www.plasagro.com\/index.php\/prueba\/#primaryimage\"},\"datePublished\":\"2023-01-24T16:32:19+00:00\",\"dateModified\":\"2023-01-24T16:38:50+00:00\",\"breadcrumb\":{\"@id\":\"https:\/\/www.plasagro.com\/index.php\/prueba\/#breadcrumb\"},\"inLanguage\":\"es\",\"potentialAction\":[{\"@type\":\"ReadAction\",\"target\":[\"https:\/\/www.plasagro.com\/index.php\/prueba\/\"]}]},{\"@type\":\"BreadcrumbList\",\"@id\":\"https:\/\/www.plasagro.com\/index.php\/prueba\/#breadcrumb\",\"itemListElement\":[{\"@type\":\"ListItem\",\"position\":1,\"name\":\"Home\",\"item\":\"https:\/\/www.plasagro.com\/\"},{\"@type\":\"ListItem\",\"position\":2,\"name\":\"Prueba\"}]}]}<\/script>\n<!-- \/ Yoast SEO plugin. -->","yoast_head_json":{"title":"Prueba - Plasagro, S.A.","robots":{"index":"index","follow":"follow","max-snippet":"max-snippet:-1","max-image-preview":"max-image-preview:large","max-video-preview":"max-video-preview:-1"},"canonical":"https:\/\/www.plasagro.com\/index.php\/prueba\/","og_locale":"es_ES","og_type":"article","og_title":"Prueba - Plasagro, S.A.","og_description":"CONT\u00c1CTENOS A\u00f1ade aqu\u00ed tu texto de cabecera Lorem fistrum por la gloria de mi madre esse jarl aliqua llevame al sircoo. De la pradera ullamco qu\u00e9 dise usteer est\u00e1 la cosa muy malar. https:\/\/www.youtube.com\/watch?v=XHOmBV4js_E","og_url":"https:\/\/www.plasagro.com\/index.php\/prueba\/","og_site_name":"Plasagro, S.A.","article_publisher":"https:\/\/www.facebook.com\/plasagrosa","article_modified_time":"2023-01-24T16:38:50+00:00","og_image":[{"url":"https:\/\/www.plasagro.com\/wp-content\/uploads\/2022\/03\/plasagro-logo-50.png"}],"twitter_card":"summary_large_image","twitter_misc":{"Tiempo de lectura":"1 minuto"},"schema":{"@context":"https:\/\/schema.org","@graph":[{"@type":"Organization","@id":"https:\/\/www.plasagro.com\/#organization","name":"Plasagro, pl\u00e1sticos para el agro, Guatemala","url":"https:\/\/www.plasagro.com\/","sameAs":["https:\/\/www.facebook.com\/plasagrosa"],"logo":{"@type":"ImageObject","inLanguage":"es","@id":"https:\/\/www.plasagro.com\/#\/schema\/logo\/image\/","url":"https:\/\/www.plasagro.com\/wp-content\/uploads\/2022\/03\/plasagro-logo-50.png","contentUrl":"https:\/\/www.plasagro.com\/wp-content\/uploads\/2022\/03\/plasagro-logo-50.png","width":667,"height":290,"caption":"Plasagro, pl\u00e1sticos para el agro, Guatemala"},"image":{"@id":"https:\/\/www.plasagro.com\/#\/schema\/logo\/image\/"}},{"@type":"WebSite","@id":"https:\/\/www.plasagro.com\/#website","url":"https:\/\/www.plasagro.com\/","name":"Plasagro, S.A.","description":"Pl\u00e1sticos para el Agro, S.A.","publisher":{"@id":"https:\/\/www.plasagro.com\/#organization"},"potentialAction":[{"@type":"SearchAction","target":{"@type":"EntryPoint","urlTemplate":"https:\/\/www.plasagro.com\/?s={search_term_string}"},"query-input":"required name=search_term_string"}],"inLanguage":"es"},{"@type":"ImageObject","inLanguage":"es","@id":"https:\/\/www.plasagro.com\/index.php\/prueba\/#primaryimage","url":"https:\/\/www.plasagro.com\/wp-content\/uploads\/2022\/03\/plasagro-logo-50.png","contentUrl":"https:\/\/www.plasagro.com\/wp-content\/uploads\/2022\/03\/plasagro-logo-50.png","width":667,"height":290},{"@type":"WebPage","@id":"https:\/\/www.plasagro.com\/index.php\/prueba\/#webpage","url":"https:\/\/www.plasagro.com\/index.php\/prueba\/","name":"Prueba - Plasagro, S.A.","isPartOf":{"@id":"https:\/\/www.plasagro.com\/#website"},"primaryImageOfPage":{"@id":"https:\/\/www.plasagro.com\/index.php\/prueba\/#primaryimage"},"datePublished":"2023-01-24T16:32:19+00:00","dateModified":"2023-01-24T16:38:50+00:00","breadcrumb":{"@id":"https:\/\/www.plasagro.com\/index.php\/prueba\/#breadcrumb"},"inLanguage":"es","potentialAction":[{"@type":"ReadAction","target":["https:\/\/www.plasagro.com\/index.php\/prueba\/"]}]},{"@type":"BreadcrumbList","@id":"https:\/\/www.plasagro.com\/index.php\/prueba\/#breadcrumb","itemListElement":[{"@type":"ListItem","position":1,"name":"Home","item":"https:\/\/www.plasagro.com\/"},{"@type":"ListItem","position":2,"name":"Prueba"}]}]}},"_links":{"self":[{"href":"https:\/\/www.plasagro.com\/index.php\/wp-json\/wp\/v2\/pages\/702","targetHints":{"allow":["GET"]}}],"collection":[{"href":"https:\/\/www.plasagro.com\/index.php\/wp-json\/wp\/v2\/pages"}],"about":[{"href":"https:\/\/www.plasagro.com\/index.php\/wp-json\/wp\/v2\/types\/page"}],"author":[{"embeddable":true,"href":"https:\/\/www.plasagro.com\/index.php\/wp-json\/wp\/v2\/users\/4"}],"replies":[{"embeddable":true,"href":"https:\/\/www.plasagro.com\/index.php\/wp-json\/wp\/v2\/comments?post=702"}],"version-history":[{"count":3,"href":"https:\/\/www.plasagro.com\/index.php\/wp-json\/wp\/v2\/pages\/702\/revisions"}],"predecessor-version":[{"id":705,"href":"https:\/\/www.plasagro.com\/index.php\/wp-json\/wp\/v2\/pages\/702\/revisions\/705"}],"wp:attachment":[{"href":"https:\/\/www.plasagro.com\/index.php\/wp-json\/wp\/v2\/media?parent=702"}],"curies":[{"name":"wp","href":"https:\/\/api.w.org\/{rel}","templated":true}]}}